. Let j = 203 + b. List the prime factors of j.
127
What are the prime factors of 21/((-42)/29800)*(91/(-14) - -4)?
2, 5, 149
Let d = 51 + -66. Let f(u) = u**3 + 16*u**2 + 15*u + 5. Let g be f(d). Suppose 4*i = g*i - 16. What are the prime factors of i?
2
Let v = -10 + 14. Suppose -137*s = -5408 - 36377. Suppose v*k - s = 3*k. What are the prime factors of k?
5, 61
Suppose -5*z = 4*v + 7726, 9*v - 5*v + 3100 = -2*z. What are the prime factors of (z/9 + -3)*-3?
523
Let w(p) = 4*p**3 - p**2 + 2*p - 1. Let r be w(1). Let c(x) = 3*x**3 - 2*x**2 - 8*x + 1. Let s be c(r). Let t = s + -63. List the prime factors of t.
2, 3, 11
Suppose 10*w + 69 = -1. Let a be ((-354)/w)/(5/35). Suppose -j + 3*b + 176 = 0, -4*j + 2*j = -5*b - a. List the prime factors of j.
2, 7, 13
List the prime factors of (231/9 + 1)*-14*(-1026)/63.
2, 5, 19
Let k = -62 - -95. Let z be 1 - ((-6)/k - (-4607)/(-11)). Suppose -16*w = -20*w + z. What are the prime factors of w?
3, 5, 7
Suppose 3*j = -9*j - 84. What are the prime factors of (2572/7 + 3/j)/1?
367
Let m = -4185 - -24936. What are the prime factors of m?
3, 6917
Let f(g) = -506*g - 907. List the prime factors of f(-18).
59, 139
Let k(n) = -7 + 8 + 2*n**2 + 34 - 2*n. List the prime factors of k(10).
5, 43
Suppose 149884 = 28*q + 21560. What are the prime factors of q?
4583
Let v(x) = -7*x**2 + 435*x - 10. What are the prime factors of v(34)?
2, 11, 19
Let n(l) = l**3 - 9*l**2 + 9*l + 1. Let q be n(7). Let j = -42 - q. List the prime factors of (-62)/j - (-3)/(-4).
7
Let j(k) = k**3 - 92*k**2 - 59*k - 1778. List the prime factors of j(93).
2, 173
Suppose 4*s + 16 = 0, 3*s - 62 = 5*j - 239. Suppose -j*v + 3696 = -12*v. List the prime factors of v.
2, 11
Let v = -16384 - -26176. What are the prime factors of v?
2, 3, 17
Let i be 3 + 3 + (-9 - -3). Suppose i = -14*b + 13*b + 326. List the prime factors of b.
2, 163
Let w be 2*3/12*0. Suppose w = -3*j - 4*d + 13, -j + 5*d = -2*j + 8. Suppose -5*l + 2*q = -155, 0 = -j*l + q + 4*q + 112. List the prime factors of l.
29
Suppose 5*h - 110*g + 114*g = 38506, 3*g - 15401 = -2*h. What are the prime factors of h?
2, 3851
Let k(f) = 10*f**3 - 21*f**2 - 18*f - 5. List the prime factors of k(11).
2, 3, 587
Let u be (125/20)/5 + 6/8. Suppose g = -3*y + 161, 141 = 3*y - u*g - g. What are the prime factors of y?
2, 13
Suppose -17255 + 49599 = 11*j - 87413. List the prime factors of j.
3, 19, 191
Let h = -9 - -1. Let d(o) = 7*o**3 + 168*o + 9*o**2 - 174*o - 6*o**3 - 4. What are the prime factors of d(h)?
2, 3
List the prime factors of 177/118 - (-424525)/10.
2, 21227
Suppose 0 = -4*c - 2*j + 4*j + 7988, 0 = 2*c - 3*j - 3990. Suppose 0 = -p + 5*o + 384 - 6, 2*o - c = -5*p. List the prime factors of p.
2, 199
What are the prime factors of -49*(-130)/(-78)*1*-3?
5, 7
Let z(t) = 2*t**3 + 14*t**2 - 168*t - 65. List the prime factors of z(16).
7, 1289
Let g be (6 + -8)/((-1 - -4)/(-3)). Let p be (1 - g)*82*(2 - 3). Let y = p - -18. What are the prime factors of y?
2, 5
Let t(x) = 51*x - 2*x + 7*x**2 - 3*x - 10 - 4*x. List the prime factors of t(-11).
3, 5
Let w be 114/8 - 1/(-8)*6. Suppose 0 = 16*m - w*m + 363. List the prime factors of (4/(-12))/((-1)/(-1))*m.
11
Suppose -101 = -4*w + 19. Suppose 3*y = -0*g + 5*g + w, 0 = -5*g - 15. Suppose 2*v - 6*v - 5*t = -148, -4*v + y*t + 148 = 0. What are the prime factors of v?
37
Let x = -35 - -41. Suppose 0 = o - x*o + 690. Let p = -89 + o. List the prime factors of p.
7
Suppose 220*w = 222*w - 524. Let m = w - 15. What are the prime factors of m?
13, 19
Let n = 474 + -472. Suppose x + 1050 = n*x + d, -4 = -4*d. What are the prime factors of x?
1049
Let s(l) = 924*l**2 + 59*l + 161. What are the prime factors of s(-3)?
2, 5, 83
Let n(o) = -15*o - 11. Let v be n(-7). Let l be v/14 + -5*4/(-70). List the prime factors of ((-21)/1)/(l + -8).
3, 7
Let o(c) = -c**2 - 5*c - 12. Let d be o(-4). Let y be ((-942)/d)/(27/36). Let m = 224 - y. List the prime factors of m.
67
Let b(o) = 45*o - 267. Let i be b(6). Suppose -i*w + u = -1216, -u = 26*w - 30*w + 1622. List the prime factors of w.
2, 7, 29
Let k(n) = 0 + 17*n**2 - n - 5 + 2*n**3 + n + 9*n. Let z be k(-8). List the prime factors of (6/(-4))/(z/546).
3, 7
Suppose 402*j - 408*j = -10869 - 30885. List the prime factors of j.
6959
Suppose 0 = -5*m + y - 10, -y = -3*m + 2*m - 2. Let o be 57/(-38)*(28/(-3) - m). Suppose 0 = 10*j - o*j + 6. List the prime factors of j.
2, 3
Suppose -3*i + 0 + 9 = -2*y, -4*y + 4*i - 12 = 0. Suppose 2*s + 3*h - 243 = y, -5*s = -6*s + 5*h + 141. List the prime factors of s.
2, 3, 7
Let d = -63 + 43. Let w be -2 + d*((-75)/6)/(-1). Let x = 354 + w. List the prime factors of x.
2, 3, 17
Suppose 7 - 3 = -2*c, 5*k + 192 = 4*c. Let m be 2/(-10) + (-4)/(k/62). Suppose m - 271 = -5*h. List the prime factors of h.
53
Let l(r) = -r**3 - 10*r**2 - 7. Let u be l(-10). Let y be 6/(-4)*350/u. Let n = -49 + y. List the prime factors of n.
2, 13
Let q be (-48)/12 - (3 - 91). Let m be 86/3 - 4/6. Let v = q + m. What are the prime factors of v?
2, 7
Let v(j) = -j**3 - 54*j**2 - 24*j - 60. Suppose -1780 - 1136 = 54*r. What are the prime factors of v(r)?
2, 3, 103
Let j = 83 - 81. Let p(i) = -7*i**2 - 3 - i**2 - j*i**2 + 11*i**2 + 5*i. List the prime factors of p(-7).
11
Suppose 3*g - 2*o = 23, 3*g = -o - 3*o + 35. Suppose y = -g + 2. Let s(j) = -18*j + 4. What are the prime factors of s(y)?
2, 5, 13
Let u be (-2)/8 + 733/4. Let d be 6/(-4) - ((-147)/14 - -7). Suppose 9*x - u = 4*x - 3*f, 2*f = d. What are the prime factors of x?
2, 3
Suppose -26*r + 91*r = 0. Let s(c) = -3*c**2 + 4*c - 71. Let h(p) = -4*p**2 + 6*p - 106. Let y(v) = -5*h(v) + 7*s(v). What are the prime factors of y(r)?
3, 11
Let o(l) = -l**2 + 30*l - 91. Let x be o(26). Let d(w) = w**3 + 15*w**2 - 2*w + 8. Let h be d(-15). Suppose -g = -x - h. What are the prime factors of g?
3, 17
Suppose -4*s - 384 = -3*l + 509, 696 = -3*s - 3*l. Let z = 242 + s. List the prime factors of z.
3, 5
Let i(x) = -x**2 - 7*x + 61. Let z be i(-12). What are the prime factors of 1/(1/286*z)?
2, 11, 13
Suppose -8*f - 5*r = -135666, -5*f - 4*r + 100807 = 16021. What are the prime factors of f?
2, 3, 11, 257
Let d(j) = j**2 - 11*j - 25. Let w be d(13). Let b be (-5)/(-40)*4727 + w/8. Let v = b + -396. What are the prime factors of v?
3, 5, 13
Let d = -89 - -91. Let u(m) = 298*m**2 + 35*m - 69. List the prime factors of u(d).
1193
Let b = 284 + -173. Suppose -n + 104 = -q, 8*n - 12*n + 425 = 5*q. Suppose o - n = 3*a, 0 = 3*o - 3*a - 192 - b. List the prime factors of o.
3, 11
Suppose -38 = 8*z + 34. What are the prime factors of z/36 - (-2)/((-8)/(-2593))?
2, 3
What are the prime factors of (11 + 490/(-42))/(1/(-7203))?
2, 7
Let z be 6062/4*(-120)/(-35). List the prime factors of z/(-8)*(-4)/6.
433
Suppose 2*v = -0*v + 3*g + 11, 5*v - 15 = -5*g. Suppose 7*s - 7856 = -17*s + 8*s. Suppose v*z = 5*f - 655, 4*f - 33 = -4*z + s. List the prime factors of f.
131
Let k(n) = n**3 + n**2 + 7*n + 17. Let i = -72 - -78. List the prime factors of k(i).
311
Suppose 0 = 3*r - 6, 3*r = g + 5*r - 217. What are the prime factors of g/((-18)/(-8)*(-40)/(-180))?
2, 3, 71
Let j be (56/8 - -4) + (-3 - 2). Suppose -2*v + 305 = 5*t, 5*t - j = -1. What are the prime factors of v?
2, 3, 5
Let r(v) = 2*v**3 + 9*v - 6. Suppose 17*u = 16*u + 20. Suppose u*h = 28*h - 32. List the prime factors of r(h).
2, 79
Let l be 258/6 + (0 - -1 - 0). Let d = l + 25. Suppose -a + d = -53. List the prime factors of a.
2, 61
Let w(x) = -x**3 + 4*x**2 + 11*x + 7. Let l be w(6). Let k be (0 - 1)*-3 + l. Suppose -k*r - 60 = -4*o - 6*r, o + r = 16. What are the prime factors of o?
2, 7
Let m be (-7839)/91 + 1/7. Let l = m - -48. Let w = 41 + l. List the prime factors of w.
3
Suppose 2*c - m + 5 = 0, -3 - 13 = 4*c + 4*m. List the prime factors of (242/c*(-3)/2)/1.
11
Let i(v) = 33*v**2 - 13*v - 112. Let j(a) = 16*a**2 - 7*a - 55. Let b(l) = -3*i(l) + 7*j(l). What are the prime factors of b(8)?
19, 37
Let q be (5/((-20)/(-354)))/3*2. Suppose -84 = -5*v - q. Suppose v*u - 640 = -0*u. What are the prime factors of u?
2
Let x(j) = j**2 - 23*j + 48. Let u(z) = -2*z**2 + 6*z + 1. Let g be u(-3). Let h be ((-42)/g)/(1/20). What are the prime factors of x(h)?
2, 3
Let p(x) = -x**3 + 42*x**2 + 42*x + 40. Let w be p